 9 + 86 - -12 - (-3 - -8 - -5).
97
What is the value of -1 + 138 - (-12 - -2 - (2590 - 2626))?
111
What is -353 + 146 + 229 - (1 - 37)?
58
Calculate 1 + -2 + -36 - (101 + -70 + -29).
-39
Calculate 31 + (-50 + 100 - 40).
41
What is the value of -7341 - -7328 - (2 + -29)?
14
Calculate 12 - -9 - 14 - (-91 + (0 - -1) + -7).
104
Evaluate -936 + 926 + -6 + 10 + (1 - 99).
-104
-63 + (87 - 62 - (1 + 9)) - -3
-45
What is (545 - 537) + (-2 - 2 - -39)?
43
What is 7 - 1 - 12 - (10 - (1 - (2 - 52)))?
35
Evaluate (-730 - -723) + 47 + 0.
40
What is the value of -1880 + 1867 - ((-3 - 104) + (-1 - -3))?
92
-109 - (-2 - (-11 - (-14 + -14 + -3)))
-87
What is -49 + 0 - (-117 - -5)?
63
What is the value of -103 - (-22 - -15 - -19) - (-62 - -62)?
-115
What is the value of 265 - 286 - (-31 - 1) - -25?
36
What is 39 + 22 + -12 + 2?
51
What is the value of 22 - (83 + -94 - -30 - (31 - -1))?
35
What is the value of (-1 - (32 + -29)) + 5 + -7?
-6
What is the value of (-62 - (-22 - 40)) + -40?
-40
Evaluate 31 - 4 - (-25 + 9 - -13 - 1).
31
What is the value of -105 + (264 - 144) - (4 + 33)?
-22
What is -130 - (34 - 74) - -51?
-39
What is the value of 31 + 1 + (10 - -17 - 13 - 18)?
28
Calculate 59 + ((9 - 9) + -6 - (8 + (-21 - -8))).
58
What is the value of 417 + -400 + (5 - 8) + 25?
39
What is (-2 - 1) + 14 + (-16 - (-29 - -19)) + -4?
1
What is -3 + (14 - 35) + 31?
7
433 - 425 - ((2 - 8) + -4)
18
What is the value of -166 - 1 - ((19 + 3 - 2) + -44)?
-143
What is the value of (55 - 27) + -23 + -30?
-25
What is the value of (-1 - 62) + (-25554 - -25696)?
79
Calculate 9 - (-24 + 40) - 4 - 9.
-20
What is -4 - (1 - -1 - (-6 + 10 + -6))?
-8
What is the value of (13 - ((-3 - (1 + -20)) + 94 + -108)) + -99?
-88
What is -128 - (134 - 311) - (0 - -5)?
44
Evaluate 40 - (26 + 7) - 34 - -119.
92
What is the value of -16 + (-89 - (-8 + 42 + -40))?
-99
(-64 - (25 + 10)) + 41
-58
(-90 - -33) + 49 - -53
45
0 + 2 - (29 - (-19 + 132 + 6))
92
-10 - (-10 - 91) - 34
57
Calculate 63 + 126 + -115 + -48.
26
-10 + 6 + -5 + -4 + 21
8
What is -47 - (30 + -41 + 36 + 2)?
-74
What is the value of -20 - -85 - (-103 + 123)?
45
Evaluate -10295 + 10190 - (-93 + -1).
-11
Calculate (-2 + 38 - (-1182 - -1192)) + -32.
-6
What is -18 + (-16 - (-15 + 2 + -11)) - 20?
-30
Calculate (-82 - ((10 - -3) + (14 - 30))) + -1.
-80
What is 0 - -14 - ((-24 - -45) + -40 + -45)?
78
Evaluate -6 - -37 - ((53 - 35) + -15).
28
What is -30 + 93 - (-11 - (10 + -26))?
58
15 - 20 - -3 - (13 + -6 - 2)
-7
What is -83201 - -83199 - (1 + -2 - (4 + 48))?
51
Evaluate (8 - 101 - -30) + 101.
38
0 + -5 + -58 + 86 + (-1 - 35)
-13
65 + -6 - (28 - 26) - (1 - 3)
59
Calculate ((-12 + 6 - 7) + 7 - -11) + -7 + 7.
5
What is the value of 21 + -1 + (-315 + 30 - -169)?
-96
What is the value of 53 - 42 - (24 - 0) - (-122 + 13 + -5)?
101
What is 0 + 10 + (-925 - -1012) - (-3 + 5 - -10)?
85
Evaluate 5 + 6 + (27 - (-4 + 40)).
2
Calculate 8 + 53 - (-29 + 81) - ((0 - 0) + -53).
62
What is the value of 50 + (-40 + 43 - 62) + -6 + 0?
-15
What is 40 - -37 - (0 - -6)?
71
Calculate -21 - (53 + -34 + -73).
33
Calculate 20 + -3 + -26 + 1 + 9.
1
(-629 - -571) + 54 + 1
-3
Evaluate -12 - 3 - (36 - 100) - (-6 - 0).
55
What is -48 + 21 + -72 + 60?
-39
Calculate (-15 - 8) + (-189 - -164).
-48
Calculate -23 - (90 + -45 + -105).
37
What is the value of -62 + 31 - 3 - -72?
38
Evaluate 7 + 1 - (57 - (51 + 6)).
8
What is the value of (-24 + 43 - 40) + 15?
-6
What is 2 + -7 + -2 - ((57 - 3) + 225 + -219)?
-67
What is the value of (-9 - -9) + (3 - 2) + (3 - (11 + 14))?
-21
What is the value of 3 + -20 - ((15 + -32 - -26) + -22) - -81?
77
-19 + -2 + -24 + 161 + -119
-3
-81 + -107 + 54 + 48
-86
What is the value of 1 + 152 - (286 + -81)?
-52
-9 - (5 - 3) - (-76 - -19)
46
Calculate 15 - (-14 - ((61 - 17) + -28)).
45
What is the value of 697 - 730 - (-1 + -75) - -27?
70
Calculate 9 - (0 - 4 - (-17 - 42 - -16)).
-30
Calculate -32 + 43 + 91 + (2 + -5 - -7) - -2.
108
What is the value of 97 + -87 + (1 - 13) + 2 - -6?
6
Evaluate 51 - (-6 + 4) - (127 + -143 + 26 + 0).
43
What is the value of 0 + -31 + (-15 - (-84 + 35))?
3
Calculate (-45 + -130 - -204) + (-2 - 21).
6
What is -15 + (-18 + (11 - 3) - (-12 + -2))?
-11
What is the value of 22 + (-73 + 90 - (3 + 85))?
-49
Calculate -9 + 3 + 29 + -3 - 15.
5
Calculate (0 - -1) + 83 - (-18 + -71 - -106).
67
What is -36 - (-35 + 27 + (61 - -25))?
-114
Calculate -23 - (41 - (-8 + 30)).
-42
-254 + 263 - (0 - -2 - 14 - -1)
20
What is -1 + (-7 - -1) + 2 + -8 + (40 - -12)?
39
What is -8 + (-8 + (2 - 13) - -13) + 18 + 29?
33
Calculate -64 - (84 - 59) - -27.
-62
8 - (-12 + 57) - 22
-59
What is the value of -16 - -64 - (-11 + 14)?
45
1 - ((38 - -2) + -28)
-11
Evaluate 2 - (4 + -1) - ((36 - 149) + 13 + 2).
97
What is 2 + -11 + 2 + (3 - 2) + -8 + -17?
-31
Calculate (1629 - 1618) + (1 - 47 - (2 - 7 - -1)).
-31
What is the value of 9 + (0 - (34 - 33)) - (-62 + -1)?
71
Calculate -84 + 56 + 13 + -2 + (0 + 3 - 7).
-21
What is the value of -4 + (-24 - (7 + 4 + -29 + 11))?
-21
Calculate -49 + (11 - ((4 - -1) + 9 + 8)).
-60
What is 8 - (89 - 39 - (6 + 0 - -2))?
-34
What is the value of 19 + 80 + -66 + -16 + (7 - 3)?
21
Evaluate 66 - (-15 + 46 + 2).
33
Calculate (-43 - -44) + (-5 - -2) + (7 + 1 - -40).
46
(4 - (-7 + 3) - (-1 + (47 - 0))) + -8
-46
What is (-2 - -10) + -1 + (34 - (-32 - (22 + -81)))?
14
Calculate 57 + -21 - (-15 - -85).
-34
What is the value of 1 + 20 + (-47 - (39 + -105))?
40
What is 46 + (-54 - (-27 - -34))?
-15
Calculate 5 + -40 + -2023 + 2061.
3
Calculate 61 - (53 - (-2 - 22)).
-16
What is the value of -66 + -24 + 119 - 6?
23
Evaluate 11 - (-49 + (-14 - 4) + -1 - 2).
81
What is -30 + (17 - 58) - -82?
11
What is the value of -15 + 4 - ((-29 - -13) + -13)?
18
Calculate (9 - ((2 - (-1 + -6)) + -9)) + -52.
-43
Calculate (-23 + 72 - 19) + -18 - (-10 + -6).
28
(1 - -64) + (43 - 15) + -22 + (-14 - -6)
63
What is 21 + 6 + -24 + 32 + -27?
8
Calculate -33 + -79 + 105 - (2 - 4 - 7).
2
Calculate -75 - (12 + -58 + (-12 - -39)).
-56
Calculate 18 + 15 + -16 - -21 - (3 - (13 - 2)).
46
What is (312 - 302) + -2 + (0 - 1) + 8?
15
Evaluate 4 - (-90 + 22) - (0 + 13).
59
Evaluate -29 + 11 + 12 - -6 - (0 + -20).
20
What is (17 - -4) + (51 - 71) + (-1 - -3)?
3
What is the value of 47 - (-12 + (116 - 52)) - (1 + 103)?
-109
Evaluate 15 - -40 - 106 - -59.
8
Evaluate 28 + -6 + 9 + (286 - 301).
16
Evaluate (7 - 33 - -13) + 103 + 6 + -16.
80
-78 - ((-16 - -35) + -71 + 28)
-54
What is -10 - (-12 - (-24 - (1 - 11)))?
-12
What is the value of -2 + 10 + 0 - (493 - 491) - 32?
-26
Evaluate -2 - 33 - (3005 - 3150).
110
Evaluate -192 + -11 + (-22 - -139).
-86
What is -24 - 15 - ((29 - 22) + -9)?
-37
Calculate -57 + -11 + 29 + 51.
12
What is the value of -11 + 28 + -64 + 63?
16
What is the value of -106 + 53 + (-3 - -8 - (3 - 1))?
-50
What is 14 - (-34 + (17 - (-18 - -18)))?
31
Calculate (-626 - -609) + 4 + -1 + 1 - 45.
-58
What is the value of (-54 - 13 - 7) + (-16 - -15)?
-75
What is -155 + 159 - (1 - -28) - -21?
-4
What is the value of (67 - 4) + (151 - 184)?
30
(2 - (0 - -8 - (4 - 4))) + -8
-14
Calculate -1 + -96 + 17 + 36.
-44
What is 3329 - 3351 - (-44 - 1)?
23
Evaluate (-3 + 9 + 1 - -2) + -2189 + 2182.
2
0 + 23 + -50 + 19
-8
Calculate -94 + -23 + 9 + 46 + -43.
-105
What is the value of (18 - (4 - -107)) + 132 + -116?
-77
Calculate (9 + -17 - 5) + (-9 - 48) + -8.
-78
Evaluate -78 + -26 + 105 + (0 - (8 + (-1 - 1))).
-5
What is the value of 82 + (12 + (6 - 3 - -9) + -19 - 0)?
87
What is the value of (16 - ((22 - 6) + -3)) + -7 + -1 + 2?
-3
Calculate 1 - -9 - (-84 - -79 - (-4 + -75 + 6)).
-58
Calculate 0 + (-10 - -1) + -128 + 132 - (0 - -25).
-30
What is 109 + -63 + -79 + 29 + -5?
-9
What is the value of (34 - ((9 - 5 - -10) + 7)) + (0 - 62)?
-49
-2 + 11 + (6 - 3) + (-1 - -5)
16
1 + 1 + -136 + -67 + (76 - 9)
-134
What is the value of 4 - (10 + (-109 - -111) + (-36 - -2))?
26
What is the value of (11 + -8 - -1) + (-10 + 18 + -2 - 17)?
-7
Calculate 322 - 286 - (-6 + 45).
-3
What is the value of (85 + -95 - -101) + -87?
4
Evaluate (-314 + 309 - (-8 - 0)) + (55 - -2).
60
38 - (5 + (-17 - -6 - 22))
66
What is 10 + (-21 + -2 + 25 - 9)?
3
What is the value of -1 - (-1 - -13 - (-3 - -8 - (142 + -145)))?
-5
What is 76 - (-9 + 23) - (-16 - 6)?
84
Calculate -9 + (24 + -23 - 22).
-30
Eval